git of 727893150?
1
What is the tens digit of 337207089?
8
What is the thousands digit of 435781452?
1
What is the hundred thousands digit of 648557073?
5
What is the hundred thousands digit of 24857994?
8
What is the ten thousands digit of 94270542?
7
What is the millions digit of 95860628?
5
What is the millions digit of 737520065?
7
What is the ten millions digit of 436911650?
3
What is the hundreds digit of 18831789?
7
What is the ten thousands digit of 47077884?
7
What is the hundreds digit of 109603479?
4
What is the hundred thousands digit of 3967234?
9
What is the hundred thousands digit of 3218922349?
9
What is the units digit of 65433734?
4
What is the thousands digit of 265924808?
4
What is the millions digit of 34450946?
4
What is the units digit of 28621333?
3
What is the hundreds digit of 231344465?
4
What is the tens digit of 98845478?
7
What is the ten thousands digit of 3205948580?
4
What is the tens digit of 144162370?
7
What is the hundreds digit of 227274194?
1
What is the ten thousands digit of 85034395?
3
What is the tens digit of 273734996?
9
What is the hundred millions digit of 3574637965?
5
What is the tens digit of 141018135?
3
What is the thousands digit of 1155234162?
4
What is the hundred millions digit of 406381355?
4
What is the hundred thousands digit of 39412517?
4
What is the units digit of 7256687135?
5
What is the ten millions digit of 262718006?
6
What is the hundreds digit of 722874945?
9
What is the ten millions digit of 447397761?
4
What is the hundreds digit of 66103732?
7
What is the thousands digit of 319099157?
9
What is the millions digit of 143155071?
3
What is the thousands digit of 590982809?
2
What is the millions digit of 401276865?
1
What is the ten millions digit of 24338592?
2
What is the hundreds digit of 5581969382?
3
What is the ten thousands digit of 1228773885?
7
What is the units digit of 19499766?
6
What is the ten millions digit of 1163241737?
6
What is the thousands digit of 27026238?
6
What is the ten thousands digit of 46187919?
8
What is the hundred millions digit of 606203211?
6
What is the tens digit of 228595429?
2
What is the thousands digit of 51775858?
5
What is the thousands digit of 393841216?
1
What is the thousands digit of 468707061?
7
What is the ten millions digit of 953415535?
5
What is the hundred thousands digit of 19462256?
4
What is the ten millions digit of 6049203093?
4
What is the hundred thousands digit of 4381241?
3
What is the hundred thousands digit of 2116807833?
8
What is the tens digit of 158837723?
2
What is the ten thousands digit of 34457458?
5
What is the tens digit of 35189638?
3
What is the tens digit of 458414551?
5
What is the millions digit of 10210056?
0
What is the hundreds digit of 762111471?
4
What is the millions digit of 260081819?
0
What is the hundreds digit of 110993797?
7
What is the billions digit of 1322907665?
1
What is the hundred thousands digit of 26536376?
5
What is the ten millions digit of 2977989141?
7
What is the tens digit of 15320258?
5
What is the millions digit of 116437710?
6
What is the hundred thousands digit of 82143012?
1
What is the hundred thousands digit of 4793575098?
5
What is the hundred millions digit of 2112124455?
1
What is the hundred thousands digit of 31836006?
8
What is the ten thousands digit of 30015377?
1
What is the thousands digit of 792700518?
0
What is the ten thousands digit of 7802524?
0
What is the ten thousands digit of 1593497830?
9
What is the units digit of 319566430?
0
What is the millions digit of 271442676?
1
What is the units digit of 169785623?
3
What is the thousands digit of 2095267526?
7
What is the ten thousands digit of 394997784?
9
What is the billions digit of 2029133557?
2
What is the tens digit of 437650345?
4
What is the hundred thousands digit of 24731645?
7
What is the thousands digit of 4834207875?
7
What is the ten thousands digit of 145319695?
1
What is the tens digit of 608957987?
8
What is the units digit of 1481167110?
0
What is the ten thousands digit of 1227188878?
8
What is the hundred millions digit of 817662633?
8
What is the hundreds digit of 269676041?
0
What is the millions digit of 128667894?
8
What is the hundreds digit of 716938232?
2
What is the hundred thousands digit of 16822874?
8
What is the hundred millions digit of 850218645?
8
What is the thousands digit of 123898748?
8
What is the thousands digit of 7290837763?
7
What is the ten millions digit of 55232772?
5
What is the hundreds digit of 235949033?
0
What is the ten millions digit of 1302661186?
0
What is the millions digit of 1666747767?
6
What is the units digit of 15006446?
6
What is the tens digit of 110196453?
5
What is the hundreds digit of 122256787?
7
What is the hundred millions digit of 1924161935?
9
What is the ten thousands digit of 291607866?
0
What is the thousands digit of 2521484484?
4
What is the ten thousands digit of 114592661?
9
What is the hundreds digit of 53093406?
4
What is the units digit of 6816235?
5
What is the tens digit of 348372602?
0
What is the tens digit of 40723001?
0
What is the ten thousands digit of 3592201469?
0
What is the ten millions digit of 134980982?
3
What is the tens digit of 263140647?
4
What is the millions digit of 18024477?
8
What is the ten thousands digit of 66832793?
3
What is the tens digit of 9745740?
4
What is the millions digit of 43308241?
3
What is the tens digit of 442002049?
4
What is the hundred thousands digit of 1774855566?
8
What is the ten millions digit of 169155272?
6
What is the billions digit of 1033768134?
1
What is the units digit of 17143559?
9
What is the millions digit of 426952145?
6
What is the hundred millions digit of 572034556?
5
What is the hundred millions digit of 491759856?
4
What is the tens digit of 515319807?
0
What is the hundreds digit of 8873151987?
9
What is the thousands digit of 5899839905?
9
What is the tens digit of 643369548?
4
What is the units digit of 930502609?
9
What is the ten thousands digit of 129172636?
7
What is the hundreds digit of 90317423?
4
What is the ten thousands digit of 29832410?
3
What is the hundred thousands digit of 809816?
8
What is the thousands digit of 36396339?
6
What is the units digit of 26333202?
2
What is the billions digit of 1793787310?
1
What is the hundred millions digit of 5121403629?
1
What is the ten millions digit of 5396726132?
9
What is the ten thousands digit of 55152381?
5
What is the hundred millions digit of 218829965?
2
What is the hundred thousands digit of 2165988414?
9
What is the hundreds digit of 219024062?
0
What is the ten thousands digit of 24681541?
8
What is the thousands digit of 365418806?
8
What is the hundred millions digit of 140268618?
1
What is the millions digit of 23333786?
3
What is the ten millions digit of 369603203?
6
What is the hundreds digit of 421422329?
3
What is the millions digit of 1240629566?
0
What is the units digit of 502255341?
1
What is the millions digit of 556086454?
6
What is the units digit of 8358085200?
0
What is the hundred millions digit of 4295659022?
2
What is the ten thousands digit of 943377653?
7
What is the hundred thousands digit of 288579615?
5
What is the hundreds digit of 4882193642?
6
What is the ten millions digit of 58002675?
5
What is the hundred thousands digit of 591236989?
2
What is the hundreds digit of 372791444?
4
What is the thousands digit of 58827421?
7
What is the millions digit of 112041849?
2
What is the units digit of 2930257471?
1
What is the ten thousands digit of 304117666?
1
What is the ten millions digit of 69387353?
6
What is the units digit of 2492665?
5
What is the hundred thousands digit of 74573087?
5
What is the thousands digit of 5067091?
7
What is the hundred millions digit of 974857769?
9
What is the hundreds digit of 41414513?
5
What is the ten thousands digit of 421111796?
1
What is the hundred millions digit of 712690345?
7
What is the hundred millions digit of 387848894?
3
What is the units digit of 4286687?
7
What is the thousands digit of 839975084?
5
What is the thousands digit of 57301263?
1
What is the tens digit of 2313006104?
0
What is the thousands digit of 2329022795?
2
What is the ten thousands digit of 514948658?
4
What is the units digit of 395461